{"id":3476,"date":"2021-07-06T09:40:44","date_gmt":"2021-07-06T09:40:44","guid":{"rendered":"https:\/\/zenonreve.com\/?page_id=3476"},"modified":"2026-03-29T11:19:47","modified_gmt":"2026-03-29T11:19:47","slug":"biographie","status":"publish","type":"page","link":"https:\/\/zenonreve.com\/index.php\/biographie\/","title":{"rendered":"Biographie"},"content":{"rendered":"\n<div class=\"wp-block-columns is-not-stacked-on-mobile is-layout-flex wp-container-core-columns-is-layout-9d6595d7 wp-block-columns-is-layout-flex\">\n<div class=\"wp-block-column is-vertically-aligned-center is-layout-flow wp-block-column-is-layout-flow\" style=\"flex-basis:80px\"><div class=\"wp-block-image\">\n<figure class=\"alignleft size-full is-resized\"><a href=\"https:\/\/zenonreve.com\/index.php\/biographie\/\"><img data-opt-id=1020043590  fetchpriority=\"high\" decoding=\"async\" width=\"200\" height=\"133\" src=\"https:\/\/mlim14dgkyzt.i.optimole.com\/cb:Wkot.3b052\/w:auto\/h:auto\/q:mauto\/f:best\/https:\/\/zenonreve.com\/wp-content\/uploads\/2026\/02\/fr-2.png\" alt=\"Drapeau fran\u00e7ais\" class=\"wp-image-9304\" style=\"object-fit:cover;width:40px;height:20px\" srcset=\"https:\/\/mlim14dgkyzt.i.optimole.com\/cb:Wkot.3b052\/w:200\/h:133\/q:mauto\/f:best\/https:\/\/zenonreve.com\/wp-content\/uploads\/2026\/02\/fr-2.png 200w, https:\/\/mlim14dgkyzt.i.optimole.com\/cb:Wkot.3b052\/w:96\/h:64\/q:mauto\/f:best\/https:\/\/zenonreve.com\/wp-content\/uploads\/2026\/02\/fr-2.png 96w, https:\/\/mlim14dgkyzt.i.optimole.com\/cb:Wkot.3b052\/w:192\/h:128\/q:mauto\/f:best\/https:\/\/zenonreve.com\/wp-content\/uploads\/2026\/02\/fr-2.png 192w, https:\/\/mlim14dgkyzt.i.optimole.com\/cb:Wkot.3b052\/w:200\/h:133\/q:mauto\/f:best\/dpr:2\/https:\/\/zenonreve.com\/wp-content\/uploads\/2026\/02\/fr-2.png 2x\" sizes=\"(max-width: 200px) 100vw, 200px\" \/><\/a><\/figure>\n<\/div><\/div>\n\n\n\n<div class=\"wp-block-column is-vertically-aligned-center is-layout-flow wp-block-column-is-layout-flow\" style=\"flex-basis:300px\"><div class=\"wp-block-image\">\n<figure class=\"alignleft size-full is-resized\"><img data-opt-id=825434463  fetchpriority=\"high\" decoding=\"async\" width=\"700\" height=\"83\" src=\"https:\/\/mlim14dgkyzt.i.optimole.com\/cb:Wkot.3b052\/w:auto\/h:auto\/q:mauto\/f:best\/https:\/\/zenonreve.com\/wp-content\/uploads\/2026\/02\/ZEN-ON-REVE-site-ligne-700px-1.png\" alt=\"Zenonreve\" class=\"wp-image-9302\" style=\"width:250px\" srcset=\"https:\/\/mlim14dgkyzt.i.optimole.com\/cb:Wkot.3b052\/w:700\/h:83\/q:mauto\/f:best\/https:\/\/zenonreve.com\/wp-content\/uploads\/2026\/02\/ZEN-ON-REVE-site-ligne-700px-1.png 700w, https:\/\/mlim14dgkyzt.i.optimole.com\/cb:Wkot.3b052\/w:100\/h:12\/q:mauto\/f:best\/https:\/\/zenonreve.com\/wp-content\/uploads\/2026\/02\/ZEN-ON-REVE-site-ligne-700px-1.png 100w, https:\/\/mlim14dgkyzt.i.optimole.com\/cb:Wkot.3b052\/w:200\/h:24\/q:mauto\/f:best\/https:\/\/zenonreve.com\/wp-content\/uploads\/2026\/02\/ZEN-ON-REVE-site-ligne-700px-1.png 200w, https:\/\/mlim14dgkyzt.i.optimole.com\/cb:Wkot.3b052\/w:700\/h:83\/q:mauto\/f:best\/dpr:2\/https:\/\/zenonreve.com\/wp-content\/uploads\/2026\/02\/ZEN-ON-REVE-site-ligne-700px-1.png 2x\" sizes=\"(max-width: 700px) 100vw, 700px\" \/><\/figure>\n<\/div><\/div>\n\n\n\n<div class=\"wp-block-column is-vertically-aligned-center is-layout-flow wp-block-column-is-layout-flow\" style=\"flex-basis:80px\"><div class=\"wp-block-image\">\n<figure class=\"alignleft size-full is-resized\"><a href=\"https:\/\/zenonreve.com\/index.php\/biography\/\"><img data-opt-id=1211117396  fetchpriority=\"high\" decoding=\"async\" width=\"200\" height=\"133\" src=\"https:\/\/mlim14dgkyzt.i.optimole.com\/cb:Wkot.3b052\/w:auto\/h:auto\/q:mauto\/f:best\/https:\/\/zenonreve.com\/wp-content\/uploads\/2026\/02\/uk-2.png\" alt=\"English flag\" class=\"wp-image-9305\" style=\"aspect-ratio:2;object-fit:cover;width:40px;height:auto\" srcset=\"https:\/\/mlim14dgkyzt.i.optimole.com\/cb:Wkot.3b052\/w:200\/h:133\/q:mauto\/f:best\/https:\/\/zenonreve.com\/wp-content\/uploads\/2026\/02\/uk-2.png 200w, https:\/\/mlim14dgkyzt.i.optimole.com\/cb:Wkot.3b052\/w:96\/h:64\/q:mauto\/f:best\/https:\/\/zenonreve.com\/wp-content\/uploads\/2026\/02\/uk-2.png 96w, https:\/\/mlim14dgkyzt.i.optimole.com\/cb:Wkot.3b052\/w:192\/h:128\/q:mauto\/f:best\/https:\/\/zenonreve.com\/wp-content\/uploads\/2026\/02\/uk-2.png 192w, https:\/\/mlim14dgkyzt.i.optimole.com\/cb:Wkot.3b052\/w:200\/h:133\/q:mauto\/f:best\/dpr:2\/https:\/\/zenonreve.com\/wp-content\/uploads\/2026\/02\/uk-2.png 2x\" sizes=\"(max-width: 200px) 100vw, 200px\" \/><\/a><\/figure>\n<\/div><\/div>\n<\/div>\n\n\n\n<figure class=\"wp-block-image size-full is-resized\"><a href=\"https:\/\/zenonreve.com\/index.php\/biographie\/\"><img data-opt-id=721219217  decoding=\"async\" width=\"512\" height=\"512\" src=\"https:\/\/mlim14dgkyzt.i.optimole.com\/cb:Wkot.3b052\/w:auto\/h:auto\/q:mauto\/f:best\/https:\/\/zenonreve.com\/wp-content\/uploads\/2026\/02\/biographie-FREEPIK.png\" alt=\"Biographie\" class=\"wp-image-9244\" style=\"width:100px\" srcset=\"https:\/\/mlim14dgkyzt.i.optimole.com\/cb:Wkot.3b052\/w:512\/h:512\/q:mauto\/f:best\/https:\/\/zenonreve.com\/wp-content\/uploads\/2026\/02\/biographie-FREEPIK.png 512w, https:\/\/mlim14dgkyzt.i.optimole.com\/cb:Wkot.3b052\/w:64\/h:64\/q:mauto\/f:best\/https:\/\/zenonreve.com\/wp-content\/uploads\/2026\/02\/biographie-FREEPIK.png 64w, https:\/\/mlim14dgkyzt.i.optimole.com\/cb:Wkot.3b052\/w:128\/h:128\/q:mauto\/f:best\/https:\/\/zenonreve.com\/wp-content\/uploads\/2026\/02\/biographie-FREEPIK.png 128w, https:\/\/mlim14dgkyzt.i.optimole.com\/cb:Wkot.3b052\/w:512\/h:512\/q:mauto\/f:best\/dpr:2\/https:\/\/zenonreve.com\/wp-content\/uploads\/2026\/02\/biographie-FREEPIK.png 2x\" sizes=\"(max-width: 512px) 100vw, 512px\" \/><\/a><\/figure>\n\n\n\n<p><\/p>\n\n\n\n<p class=\"has-neve-link-color-color has-text-color\" style=\"font-size:16px;font-style:normal;font-weight:400\">Biographie.<br>Apr\u00e8s avoir parcouru les oc\u00e9ans pendant plus d&rsquo;un an sur les paquebots France, Mermoz et Massalia en tant que musicien, \u00e0 partir de 1973 Dominique Bouvier est musicien de studio et se produit sur sc\u00e8ne avec de nombreux artistes tels que Les 3 M\u00e9nestrels (2 tourn\u00e9es de 3 mois en URSS &#8211; 1 mois et demi au Qu\u00e9bec), Nancy Holloway, Transit Express (3 albums), Laurent Voulzy\/Alain Souchon (Olympia), Guy B\u00e9art (\u00c0 Amsterdam), Yves Simon (3 albums studio et 1 album live \u00e0 Tokyo), Jacques Higelin (Champagne caviar), Vivien Savage, Phil Barney\u2026<br>C&rsquo;est en tant qu&rsquo;ing\u00e9nieur du son au Studio de la Nation, producteur et r\u00e9alisateur de phonogrammes qu&rsquo;il continue sa carri\u00e8re, en r\u00e9alisant la collection \u00ab\u00a0Compact-sant\u00e9\u00a0\u00bb avec des sophrologues de renom : Docteur Jean-Pierre HUBERT, \u00ab\u00a0Relaxation dynamique\u00a0\u00bb (pionnier de la sophrologie en France) &#8211; Alain Heril, \u00ab\u00a0Chakras Les Secrets de l&rsquo;Energie\u00a0\u00bb (1992) &#8211; Jacques Choque \u00ab\u00a0Yoga pour les enfants\u00a0\u00bb (1994)\u2026<br>En 1995, Dominique Bouvier co-produit l&rsquo;album \u00ab\u00a0La nouvelle farandole des chansons d&rsquo;enfants\u00a0\u00bb avec la soci\u00e9t\u00e9 7 Production et distribu\u00e9 par East\/West (Pub t\u00e9l\u00e9, plus de 100 000 albums vendus).<br>Il fait la rencontre de Christine Colonna-C\u00e9sari, professeur de Yoga pour les femmes enceintes, leur rencontre en 1996 donnera naissance \u00e0 deux merveilleux contes pour enfants : \u00ab\u00a0Anda la louve et le secret du Mont \u00d6mul\u00a0\u00bb et \u00ab\u00a0Coquillage, le pays des baleines multicolores\u00a0\u00bb Musiques de Dominique Bouvier.<br>Dominique Bouvier produit et r\u00e9alise 30 albums et 9 singles, Collection Relaxation, Collection B\u00e9b\u00e9s, Collection Enfants, Collection Sport &amp; Fitness et signe un contrat de distribution num\u00e9rique avec la soci\u00e9t\u00e9 am\u00e9ricaine Distrokid distribu\u00e9e dans plus de 150 plates-formes num\u00e9riques dans le monde telles que You Tube, Itunes, Deezer, Spotify, Amazon etc\u2026<br>Passionn\u00e9 de design et de web, Dominique Bouvier poursuit sa carri\u00e8re en tant que cr\u00e9ateur graphiste et concepteur d\u2019images tout en s&rsquo;initiant aux techniques du Web design et la r\u00e9alisation de son site internet \u00ab\u00a0https:\/\/zenonreve.com\u00a0\u00bb chez Hostinger. <br>Dominique Bouvier :<br><em>On peut faire du sport \u00e0 tout \u00e2ge, marche, randonn\u00e9e, fitness et autres ce qui permet d\u2019am\u00e9liorer sa condition physique et si on associe la pratique d\u2019un sport \u00e0 une alimentation saine et \u00e9quilibr\u00e9e on se pr\u00e9servera de nombreuses maladies dont les maladies cardio-vasculaires.<br>\u00ab\u00a0Mieux manger bouger pour vivre en bonne sant\u00e9\u00a0\u00bb.<\/em><br>R\u00e9alisation de 2022 \u00e0 2023 de clips musicaux avec Davinci resolve, \u00ab\u00a0Joyeux Halloween\u00a0\u00bb,  Ballets et m\u00e9lodies aquatiques.<br>R\u00e9alisation en 2024 des titres et des clips musicaux \u00ab\u00a0Addict aux jeux\u00a0\u00bb, \u00ab\u00a0Mon r\u00eave acoustique\u00a0\u00bb, \u00ab\u00a0Psych\u00e9d\u00e9lique pulsion\u00a0\u00bb, \u00ab\u00a0La beaut\u00e9 de mes r\u00eaves\u00a0\u00bb, \u00ab\u00a0Nouvelles pulsions indiennes et \u00ab\u00a0Harcel\u00e9 comme un enfant\u00a0\u00bb , \u00ab\u00a0La teigne\u00a0\u00bb, \u00ab\u00a0Miss Univers\u00a0\u00bb.<br>Production en 2026 du titre \u00ab\u00a0Le Sport Sant\u00e9\u00a0\u00bb et \u00ab\u00a0Absolute Urgency\u00a0\u00bb sur le r\u00e9chauffement climatique et les catastrophes naturelles.<br><em>Le temps passe mais la passion demeure !<\/em><\/p>\n","protected":false},"excerpt":{"rendered":"<p>Biographie.Apr\u00e8s avoir parcouru les oc\u00e9ans pendant plus d&rsquo;un an sur les paquebots France, Mermoz et Massalia en tant que musicien, \u00e0 partir de 1973 Dominique Bouvier est musicien de studio et se produit sur sc\u00e8ne avec de nombreux artistes tels que Les 3 M\u00e9nestrels (2 tourn\u00e9es de 3 mois en URSS &#8211; 1 mois et&hellip;&nbsp;<a href=\"https:\/\/zenonreve.com\/index.php\/biographie\/\" rel=\"bookmark\">Lire la suite &raquo;<span class=\"screen-reader-text\">Biographie<\/span><\/a><\/p>\n","protected":false},"author":1,"featured_media":0,"parent":0,"menu_order":0,"comment_status":"closed","ping_status":"closed","template":"","meta":{"neve_meta_sidebar":"full-width","neve_meta_container":"","neve_meta_enable_content_width":"on","neve_meta_content_width":100,"neve_meta_title_alignment":"","neve_meta_author_avatar":"","neve_post_elements_order":"","neve_meta_disable_header":"","neve_meta_disable_footer":"","neve_meta_disable_title":"","footnotes":""},"class_list":["post-3476","page","type-page","status-publish","hentry"],"yoast_head":"<!-- This site is optimized with the Yoast SEO plugin v27.3 - https:\/\/yoast.com\/product\/yoast-seo-wordpress\/ -->\n<title>Biographie - zenonreve.com<\/title>\n<meta name=\"description\" content=\"Biographie, apr\u00e8s avoir parcouru les oc\u00e9ans pendant plus d&#039;un an sur les paquebots France...\" \/>\n<meta name=\"robots\" content=\"index, follow, max-snippet:-1, max-image-preview:large, max-video-preview:-1\" \/>\n<link rel=\"canonical\" href=\"https:\/\/zenonreve.com\/index.php\/biographie\/\" \/>\n<meta property=\"og:locale\" content=\"fr_FR\" \/>\n<meta property=\"og:type\" content=\"article\" \/>\n<meta property=\"og:title\" content=\"Biographie - zenonreve.com\" \/>\n<meta property=\"og:description\" content=\"Biographie, apr\u00e8s avoir parcouru les oc\u00e9ans pendant plus d&#039;un an sur les paquebots France...\" \/>\n<meta property=\"og:url\" content=\"https:\/\/zenonreve.com\/index.php\/biographie\/\" \/>\n<meta property=\"og:site_name\" content=\"zenonreve.com\" \/>\n<meta property=\"article:modified_time\" content=\"2026-03-29T11:19:47+00:00\" \/>\n<meta property=\"og:image\" content=\"https:\/\/mlim14dgkyzt.i.optimole.com\/cb:Wkot.3b052\/w:auto\/h:auto\/q:mauto\/f:best\/https:\/\/zenonreve.com\/wp-content\/uploads\/2026\/02\/fr-2.png\" \/>\n\t<meta property=\"og:image:width\" content=\"200\" \/>\n\t<meta property=\"og:image:height\" content=\"133\" \/>\n\t<meta property=\"og:image:type\" content=\"image\/png\" \/>\n<meta name=\"twitter:card\" content=\"summary_large_image\" \/>\n<meta name=\"twitter:label1\" content=\"Dur\u00e9e de lecture estim\u00e9e\" \/>\n\t<meta name=\"twitter:data1\" content=\"4 minutes\" \/>\n<script type=\"application\/ld+json\" class=\"yoast-schema-graph\">{\"@context\":\"https:\\\/\\\/schema.org\",\"@graph\":[{\"@type\":\"WebPage\",\"@id\":\"https:\\\/\\\/zenonreve.com\\\/index.php\\\/biographie\\\/\",\"url\":\"https:\\\/\\\/zenonreve.com\\\/index.php\\\/biographie\\\/\",\"name\":\"Biographie - zenonreve.com\",\"isPartOf\":{\"@id\":\"https:\\\/\\\/zenonreve.com\\\/#website\"},\"primaryImageOfPage\":{\"@id\":\"https:\\\/\\\/zenonreve.com\\\/index.php\\\/biographie\\\/#primaryimage\"},\"image\":{\"@id\":\"https:\\\/\\\/zenonreve.com\\\/index.php\\\/biographie\\\/#primaryimage\"},\"thumbnailUrl\":\"https:\\/\\/zenonreve.com\\/wp-content\\/uploads\\/2026\\/02\\/fr-2.png\",\"datePublished\":\"2021-07-06T09:40:44+00:00\",\"dateModified\":\"2026-03-29T11:19:47+00:00\",\"description\":\"Biographie, apr\u00e8s avoir parcouru les oc\u00e9ans pendant plus d'un an sur les paquebots France...\",\"breadcrumb\":{\"@id\":\"https:\\\/\\\/zenonreve.com\\\/index.php\\\/biographie\\\/#breadcrumb\"},\"inLanguage\":\"fr-FR\",\"potentialAction\":[{\"@type\":\"ReadAction\",\"target\":[\"https:\\\/\\\/zenonreve.com\\\/index.php\\\/biographie\\\/\"]}]},{\"@type\":\"ImageObject\",\"inLanguage\":\"fr-FR\",\"@id\":\"https:\\\/\\\/zenonreve.com\\\/index.php\\\/biographie\\\/#primaryimage\",\"url\":\"https:\\/\\/zenonreve.com\\/wp-content\\/uploads\\/2026\\/02\\/fr-2.png\",\"contentUrl\":\"https:\\/\\/zenonreve.com\\/wp-content\\/uploads\\/2026\\/02\\/fr-2.png\",\"width\":200,\"height\":133},{\"@type\":\"BreadcrumbList\",\"@id\":\"https:\\\/\\\/zenonreve.com\\\/index.php\\\/biographie\\\/#breadcrumb\",\"itemListElement\":[{\"@type\":\"ListItem\",\"position\":1,\"name\":\"Accueil\",\"item\":\"https:\\\/\\\/zenonreve.com\\\/\"},{\"@type\":\"ListItem\",\"position\":2,\"name\":\"Biographie\"}]},{\"@type\":\"WebSite\",\"@id\":\"https:\\\/\\\/zenonreve.com\\\/#website\",\"url\":\"https:\\\/\\\/zenonreve.com\\\/\",\"name\":\"zenonreve.com\",\"description\":\"Collection de musiques pour tous les \u00e2ges\",\"publisher\":{\"@id\":\"https:\\\/\\\/zenonreve.com\\\/#\\\/schema\\\/person\\\/c80c82da30fc395d5f2af65d0de6b9c1\"},\"potentialAction\":[{\"@type\":\"SearchAction\",\"target\":{\"@type\":\"EntryPoint\",\"urlTemplate\":\"https:\\\/\\\/zenonreve.com\\\/?s={search_term_string}\"},\"query-input\":{\"@type\":\"PropertyValueSpecification\",\"valueRequired\":true,\"valueName\":\"search_term_string\"}}],\"inLanguage\":\"fr-FR\"},{\"@type\":[\"Person\",\"Organization\"],\"@id\":\"https:\\\/\\\/zenonreve.com\\\/#\\\/schema\\\/person\\\/c80c82da30fc395d5f2af65d0de6b9c1\",\"name\":\"dombouvier\",\"image\":{\"@type\":\"ImageObject\",\"inLanguage\":\"fr-FR\",\"@id\":\"https:\\/\\/zenonreve.com\\/wp-content\\/uploads\\/2026\\/03\\/zenonreve-APPLI-512x512px.png\",\"url\":\"https:\\/\\/zenonreve.com\\/wp-content\\/uploads\\/2026\\/03\\/zenonreve-APPLI-512x512px.png\",\"contentUrl\":\"https:\\/\\/zenonreve.com\\/wp-content\\/uploads\\/2026\\/03\\/zenonreve-APPLI-512x512px.png\",\"width\":512,\"height\":512,\"caption\":\"dombouvier\"},\"logo\":{\"@id\":\"https:\\/\\/zenonreve.com\\/wp-content\\/uploads\\/2026\\/03\\/zenonreve-APPLI-512x512px.png\"},\"sameAs\":[\"https:\\\/\\\/zenonreve.com\"]}]}<\/script>\n<!-- \/ Yoast SEO plugin. -->","yoast_head_json":{"title":"Biographie - zenonreve.com","description":"Biographie, apr\u00e8s avoir parcouru les oc\u00e9ans pendant plus d'un an sur les paquebots France...","robots":{"index":"index","follow":"follow","max-snippet":"max-snippet:-1","max-image-preview":"max-image-preview:large","max-video-preview":"max-video-preview:-1"},"canonical":"https:\/\/zenonreve.com\/index.php\/biographie\/","og_locale":"fr_FR","og_type":"article","og_title":"Biographie - zenonreve.com","og_description":"Biographie, apr\u00e8s avoir parcouru les oc\u00e9ans pendant plus d'un an sur les paquebots France...","og_url":"https:\/\/zenonreve.com\/index.php\/biographie\/","og_site_name":"zenonreve.com","article_modified_time":"2026-03-29T11:19:47+00:00","og_image":[{"width":200,"height":133,"url":"https:\/\/mlim14dgkyzt.i.optimole.com\/cb:Wkot.3b052\/w:auto\/h:auto\/q:mauto\/f:best\/https:\/\/zenonreve.com\/wp-content\/uploads\/2026\/02\/fr-2.png","type":"image\/png"}],"twitter_card":"summary_large_image","twitter_misc":{"Dur\u00e9e de lecture estim\u00e9e":"4 minutes"},"schema":{"@context":"https:\/\/schema.org","@graph":[{"@type":"WebPage","@id":"https:\/\/zenonreve.com\/index.php\/biographie\/","url":"https:\/\/zenonreve.com\/index.php\/biographie\/","name":"Biographie - zenonreve.com","isPartOf":{"@id":"https:\/\/zenonreve.com\/#website"},"primaryImageOfPage":{"@id":"https:\/\/zenonreve.com\/index.php\/biographie\/#primaryimage"},"image":{"@id":"https:\/\/zenonreve.com\/index.php\/biographie\/#primaryimage"},"thumbnailUrl":"https:\/\/mlim14dgkyzt.i.optimole.com\/cb:Wkot.3b052\/w:auto\/h:auto\/q:mauto\/f:best\/https:\/\/zenonreve.com\/wp-content\/uploads\/2026\/02\/fr-2.png","datePublished":"2021-07-06T09:40:44+00:00","dateModified":"2026-03-29T11:19:47+00:00","description":"Biographie, apr\u00e8s avoir parcouru les oc\u00e9ans pendant plus d'un an sur les paquebots France...","breadcrumb":{"@id":"https:\/\/zenonreve.com\/index.php\/biographie\/#breadcrumb"},"inLanguage":"fr-FR","potentialAction":[{"@type":"ReadAction","target":["https:\/\/zenonreve.com\/index.php\/biographie\/"]}]},{"@type":"ImageObject","inLanguage":"fr-FR","@id":"https:\/\/zenonreve.com\/index.php\/biographie\/#primaryimage","url":"https:\/\/mlim14dgkyzt.i.optimole.com\/cb:Wkot.3b052\/w:auto\/h:auto\/q:mauto\/f:best\/https:\/\/zenonreve.com\/wp-content\/uploads\/2026\/02\/fr-2.png","contentUrl":"https:\/\/mlim14dgkyzt.i.optimole.com\/cb:Wkot.3b052\/w:auto\/h:auto\/q:mauto\/f:best\/https:\/\/zenonreve.com\/wp-content\/uploads\/2026\/02\/fr-2.png","width":200,"height":133},{"@type":"BreadcrumbList","@id":"https:\/\/zenonreve.com\/index.php\/biographie\/#breadcrumb","itemListElement":[{"@type":"ListItem","position":1,"name":"Accueil","item":"https:\/\/zenonreve.com\/"},{"@type":"ListItem","position":2,"name":"Biographie"}]},{"@type":"WebSite","@id":"https:\/\/zenonreve.com\/#website","url":"https:\/\/zenonreve.com\/","name":"zenonreve.com","description":"Collection de musiques pour tous les \u00e2ges","publisher":{"@id":"https:\/\/zenonreve.com\/#\/schema\/person\/c80c82da30fc395d5f2af65d0de6b9c1"},"potentialAction":[{"@type":"SearchAction","target":{"@type":"EntryPoint","urlTemplate":"https:\/\/zenonreve.com\/?s={search_term_string}"},"query-input":{"@type":"PropertyValueSpecification","valueRequired":true,"valueName":"search_term_string"}}],"inLanguage":"fr-FR"},{"@type":["Person","Organization"],"@id":"https:\/\/zenonreve.com\/#\/schema\/person\/c80c82da30fc395d5f2af65d0de6b9c1","name":"dombouvier","image":{"@type":"ImageObject","inLanguage":"fr-FR","@id":"https:\/\/mlim14dgkyzt.i.optimole.com\/cb:Wkot.3b052\/w:auto\/h:auto\/q:mauto\/f:best\/https:\/\/zenonreve.com\/wp-content\/uploads\/2026\/03\/zenonreve-APPLI-512x512px.png","url":"https:\/\/mlim14dgkyzt.i.optimole.com\/cb:Wkot.3b052\/w:auto\/h:auto\/q:mauto\/f:best\/https:\/\/zenonreve.com\/wp-content\/uploads\/2026\/03\/zenonreve-APPLI-512x512px.png","contentUrl":"https:\/\/mlim14dgkyzt.i.optimole.com\/cb:Wkot.3b052\/w:auto\/h:auto\/q:mauto\/f:best\/https:\/\/zenonreve.com\/wp-content\/uploads\/2026\/03\/zenonreve-APPLI-512x512px.png","width":512,"height":512,"caption":"dombouvier"},"logo":{"@id":"https:\/\/mlim14dgkyzt.i.optimole.com\/cb:Wkot.3b052\/w:auto\/h:auto\/q:mauto\/f:best\/https:\/\/zenonreve.com\/wp-content\/uploads\/2026\/03\/zenonreve-APPLI-512x512px.png"},"sameAs":["https:\/\/zenonreve.com"]}]}},"_links":{"self":[{"href":"https:\/\/zenonreve.com\/index.php\/wp-json\/wp\/v2\/pages\/3476","targetHints":{"allow":["GET"]}}],"collection":[{"href":"https:\/\/zenonreve.com\/index.php\/wp-json\/wp\/v2\/pages"}],"about":[{"href":"https:\/\/zenonreve.com\/index.php\/wp-json\/wp\/v2\/types\/page"}],"author":[{"embeddable":true,"href":"https:\/\/zenonreve.com\/index.php\/wp-json\/wp\/v2\/users\/1"}],"replies":[{"embeddable":true,"href":"https:\/\/zenonreve.com\/index.php\/wp-json\/wp\/v2\/comments?post=3476"}],"version-history":[{"count":64,"href":"https:\/\/zenonreve.com\/index.php\/wp-json\/wp\/v2\/pages\/3476\/revisions"}],"predecessor-version":[{"id":10307,"href":"https:\/\/zenonreve.com\/index.php\/wp-json\/wp\/v2\/pages\/3476\/revisions\/10307"}],"wp:attachment":[{"href":"https:\/\/zenonreve.com\/index.php\/wp-json\/wp\/v2\/media?parent=3476"}],"curies":[{"name":"wp","href":"https:\/\/api.w.org\/{rel}","templated":true}]}}